{"id":1390,"date":"2019-12-23T21:25:38","date_gmt":"2019-12-23T20:25:38","guid":{"rendered":"http:\/\/esperanto.pl\/?page_id=1390"},"modified":"2022-10-28T23:32:06","modified_gmt":"2022-10-28T22:32:06","slug":"germana-pola-esperanto-kongreso-2020","status":"publish","type":"page","link":"https:\/\/esperanto.pl\/pl\/eventoj\/pola-esperanto-kongreso\/germana-pola-esperanto-kongreso-2020","title":{"rendered":"Niemiecko Polski Kongres Esperancki S\u0142ubice &#8211; Frankfurt 2020"},"content":{"rendered":"<h2 style=\"text-align: center;\"><span style=\"color: #ff0000;\">Nie odby\u0142 si\u0119<\/span><\/h2>\n<p>Niemiecko Polski Kongres Esperancki S\u0142ubice &#8211; Frankfurt 2020 odb\u0119dzie si\u0119 od 29-a maja do 1 czerwca 2020<\/p>\n<p>http:\/\/esperanto.pl\/2019\/12\/23\/aligu-al-germana-pola-esperanto-kongreso-2020\/<\/p>\n","protected":false},"excerpt":{"rendered":"<p>Nie odby\u0142 si\u0119 Niemiecko Polski Kongres Esperancki S\u0142ubice &#8211; Frankfurt 2020 odb\u0119dzie si\u0119 od 29-a<\/p>\n","protected":false},"author":8,"featured_media":0,"parent":2604,"menu_order":2020,"comment_status":"closed","ping_status":"closed","template":"","meta":{"footnotes":""},"class_list":["post-1390","page","type-page","status-publish","hentry"],"translation":{"provider":"WPGlobus","version":"3.0.1","language":"pl","enabled_languages":["eo","pl"],"languages":{"eo":{"title":true,"content":true,"excerpt":false},"pl":{"title":true,"content":true,"excerpt":false}}},"aioseo_notices":[],"_links":{"self":[{"href":"https:\/\/esperanto.pl\/pl\/wp-json\/wp\/v2\/pages\/1390","targetHints":{"allow":["GET"]}}],"collection":[{"href":"https:\/\/esperanto.pl\/pl\/wp-json\/wp\/v2\/pages"}],"about":[{"href":"https:\/\/esperanto.pl\/pl\/wp-json\/wp\/v2\/types\/page"}],"author":[{"embeddable":true,"href":"https:\/\/esperanto.pl\/pl\/wp-json\/wp\/v2\/users\/8"}],"replies":[{"embeddable":true,"href":"https:\/\/esperanto.pl\/pl\/wp-json\/wp\/v2\/comments?post=1390"}],"version-history":[{"count":1,"href":"https:\/\/esperanto.pl\/pl\/wp-json\/wp\/v2\/pages\/1390\/revisions"}],"predecessor-version":[{"id":2941,"href":"https:\/\/esperanto.pl\/pl\/wp-json\/wp\/v2\/pages\/1390\/revisions\/2941"}],"up":[{"embeddable":true,"href":"https:\/\/esperanto.pl\/pl\/wp-json\/wp\/v2\/pages\/2604"}],"wp:attachment":[{"href":"https:\/\/esperanto.pl\/pl\/wp-json\/wp\/v2\/media?parent=1390"}],"curies":[{"name":"wp","href":"https:\/\/api.w.org\/{rel}","templated":true}]}}

Niemiecko Polski Kongres Esperancki Słubice &#8211; Frankfurt 2020

<h2 style="text-align: center;"><span style="color: #ff0000;">Nie odbył się</span></h2>
<p>Niemiecko Polski Kongres Esperancki Słubice &#8211; Frankfurt 2020 odbędzie się od 29-a maja do 1 czerwca 2020</p>
<p>http://esperanto.pl/2019/12/23/aligu-al-germana-pola-esperanto-kongreso-2020/</p>

<p>Nie odbył się Niemiecko Polski Kongres Esperancki Słubice &#8211; Frankfurt 2020 odbędzie się od 29-a</p>
