{"id":1412,"date":"2019-12-25T22:44:27","date_gmt":"2019-12-25T21:44:27","guid":{"rendered":"http:\/\/esperanto.pl\/?page_id=1412"},"modified":"2022-10-28T23:50:23","modified_gmt":"2022-10-28T22:50:23","slug":"kalendaro-2020","status":"publish","type":"page","link":"https:\/\/esperanto.pl\/pl\/eventoj\/kalendaro-2020","title":{"rendered":"Kalendarz 2020"},"content":{"rendered":"<p><img loading=\"lazy\" decoding=\"async\" class=\" wp-image-286 alignleft\" src=\"http:\/\/esperanto.pl\/wp-content\/uploads\/2017\/12\/kalendaro.jpg\" alt=\"\" width=\"39\" height=\"39\" srcset=\"https:\/\/esperanto.pl\/wp-content\/uploads\/2017\/12\/kalendaro.jpg 256w, https:\/\/esperanto.pl\/wp-content\/uploads\/2017\/12\/kalendaro-150x150.jpg 150w\" sizes=\"auto, (max-width: 39px) 100vw, 39px\" \/>Polski Zwi\u0105zek Esperantyst\u00f3w publikuj\u0105c list\u0119 esperanckich imprez w Polsce chce wp\u0142ywa\u0107 na ich koordynacj\u0119. Prosimy wszystkich organizator\u00f3w, aby najpierw przeczytali t\u0119 list\u0119, a potem zdecydowali czy w wybranym czasie jest mo\u017cliwe zorganizowanie imprezy. Prosimy tak\u017ce, je\u017celi ju\u017c znacie dat\u0119 swojej imprezy o poinformowanie nas o tym. Informacja o waszej imprezie niebawem si\u0119 uka\u017ce.<\/p>\n<table>\n<caption>\n<h3>Popularne Esperanto-imprezy w Polsce w 2020<\/h3>\n<\/caption>\n<thead>\n<tr>\n<th width=\"10%\">Data<\/th>\n<th width=\"45%\">Impreza<\/th>\n<th width=\"45%\">Oragnizatorzy<\/th>\n<\/tr>\n<\/thead>\n<tbody>\n<tr>\n<td>2020-02-21 \u2013 2020-02-23<\/td>\n<td>Weekendowy kurs esperanta<\/td>\n<td>Polska M\u0142odzie\u017c Esperancka, <a href=\"mailto:studsemajnfino@junularo.pl\">studsemajnfino [\u0109e] pej [punkto] pl<\/a><\/td>\n<\/tr>\n<tr>\n<td>2020-05-09<\/td>\n<td>Esperanckie stoisko podczas 24. Naukowego Pikniku w Warszawie przy Stadionie Narodowym \u201ePGE Narodowy\u201d<\/td>\n<td>Warszawski Oddzia\u0142 Polskiego Zwi\u0105zku Esperantyst\u00f3w, <a href=\"mailto:alvamo@wp.pl\">alvamo@wp.pl<\/a><\/td>\n<\/tr>\n<\/tbody>\n<\/table>\n<p><!-- DRUGA TABELA--><\/p>\n<table>\n<caption>\n<h3>Popularne Esperanto-imprezy w s\u0105siednich krajach w 2020<\/h3>\n<\/caption>\n<thead>\n<tr>\n<th width=\"10%\">Data<\/th>\n<th width=\"45%\">Impreza<\/th>\n<th width=\"45%\">Oragnizatorzy<\/th>\n<\/tr>\n<\/thead>\n<tbody>\n<tr>\n<td>JJJJ-MM-TT<\/td>\n<td><\/td>\n<td><\/td>\n<\/tr>\n<\/tbody>\n<\/table>\n","protected":false},"excerpt":{"rendered":"<p>Polski Zwi\u0105zek Esperantyst\u00f3w publikuj\u0105c list\u0119 esperanckich imprez w Polsce chce wp\u0142ywa\u0107 na ich koordynacj\u0119. Prosimy<\/p>\n","protected":false},"author":8,"featured_media":0,"parent":2570,"menu_order":0,"comment_status":"closed","ping_status":"closed","template":"","meta":{"footnotes":""},"class_list":["post-1412","page","type-page","status-publish","hentry"],"translation":{"provider":"WPGlobus","version":"3.0.1","language":"pl","enabled_languages":["eo","pl"],"languages":{"eo":{"title":true,"content":true,"excerpt":false},"pl":{"title":true,"content":true,"excerpt":false}}},"aioseo_notices":[],"_links":{"self":[{"href":"https:\/\/esperanto.pl\/pl\/wp-json\/wp\/v2\/pages\/1412","targetHints":{"allow":["GET"]}}],"collection":[{"href":"https:\/\/esperanto.pl\/pl\/wp-json\/wp\/v2\/pages"}],"about":[{"href":"https:\/\/esperanto.pl\/pl\/wp-json\/wp\/v2\/types\/page"}],"author":[{"embeddable":true,"href":"https:\/\/esperanto.pl\/pl\/wp-json\/wp\/v2\/users\/8"}],"replies":[{"embeddable":true,"href":"https:\/\/esperanto.pl\/pl\/wp-json\/wp\/v2\/comments?post=1412"}],"version-history":[{"count":1,"href":"https:\/\/esperanto.pl\/pl\/wp-json\/wp\/v2\/pages\/1412\/revisions"}],"predecessor-version":[{"id":3561,"href":"https:\/\/esperanto.pl\/pl\/wp-json\/wp\/v2\/pages\/1412\/revisions\/3561"}],"up":[{"embeddable":true,"href":"https:\/\/esperanto.pl\/pl\/wp-json\/wp\/v2\/pages\/2570"}],"wp:attachment":[{"href":"https:\/\/esperanto.pl\/pl\/wp-json\/wp\/v2\/media?parent=1412"}],"curies":[{"name":"wp","href":"https:\/\/api.w.org\/{rel}","templated":true}]}}

<p><img loading="lazy" decoding="async" class=" wp-image-286 alignleft" src="http://esperanto.pl/wp-content/uploads/2017/12/kalendaro.jpg" alt="" width="39" height="39" srcset="https://esperanto.pl/wp-content/uploads/2017/12/kalendaro.jpg 256w, https://esperanto.pl/wp-content/uploads/2017/12/kalendaro-150x150.jpg 150w" sizes="auto, (max-width: 39px) 100vw, 39px" />Polski Związek Esperantystów publikując listę esperanckich imprez w Polsce chce wpływać na ich koordynację. Prosimy wszystkich organizatorów, aby najpierw przeczytali tę listę, a potem zdecydowali czy w wybranym czasie jest możliwe zorganizowanie imprezy. Prosimy także, jeżeli już znacie datę swojej imprezy o poinformowanie nas o tym. Informacja o waszej imprezie niebawem się ukaże.</p>
<table>
<caption>
<h3>Popularne Esperanto-imprezy w Polsce w 2020</h3>
</caption>
<thead>
<tr>
<th width="10%">Data</th>
<th width="45%">Impreza</th>
<th width="45%">Oragnizatorzy</th>
</tr>
</thead>
<tbody>
<tr>
<td>2020-02-21 – 2020-02-23</td>
<td>Weekendowy kurs esperanta</td>
<td>Polska Młodzież Esperancka, <a href="mailto:studsemajnfino@junularo.pl">studsemajnfino [ĉe] pej [punkto] pl</a></td>
</tr>
<tr>
<td>2020-05-09</td>
<td>Esperanckie stoisko podczas 24. Naukowego Pikniku w Warszawie przy Stadionie Narodowym „PGE Narodowy”</td>
<td>Warszawski Oddział Polskiego Związku Esperantystów, <a href="mailto:alvamo@wp.pl">alvamo@wp.pl</a></td>
</tr>
</tbody>
</table>
<p><!-- DRUGA TABELA--></p>
<table>
<caption>
<h3>Popularne Esperanto-imprezy w sąsiednich krajach w 2020</h3>
</caption>
<thead>
<tr>
<th width="10%">Data</th>
<th width="45%">Impreza</th>
<th width="45%">Oragnizatorzy</th>
</tr>
</thead>
<tbody>
<tr>
<td>JJJJ-MM-TT</td>
<td></td>
<td></td>
</tr>
</tbody>
</table>

<p>Polski Związek Esperantystów publikując listę esperanckich imprez w Polsce chce wpływać na ich koordynację. Prosimy</p>
