{"id":234,"date":"2017-11-07T22:44:39","date_gmt":"2017-11-07T21:44:39","guid":{"rendered":"http:\/\/esperanto.pl\/?page_id=234"},"modified":"2022-10-10T00:33:00","modified_gmt":"2022-10-09T23:33:00","slug":"filio-gdansk","status":"publish","type":"page","link":"https:\/\/esperanto.pl\/pl\/lokoj\/filioj\/filio-gdansk","title":{"rendered":"Oddzia\u0142 Wojew\u00f3dzki w Gda\u0144sku"},"content":{"rendered":"<h3>Oddzia\u0142 Wojew\u00f3dzki w Gda\u0144sku<\/h3>\n<p><strong>Siedziba:<\/strong><\/p>\n<p>Grunwaldzka 5 (w lokalu Regionalnego\u00a0 Centrum Informacji i Wspomagania Organizacji Pozarz\u0105dowych)<\/p>\n<p>80-236 Gda\u0144sk<\/p>\n<p><strong>Strona intenetowa: <\/strong>nie istnieje<\/p>\n<p><strong>Facebook: <\/strong>nie istnieje<\/p>\n<p><strong>Kontakty:<\/strong><\/p>\n<p>Miros\u0142awa Mazur &#8211; adres internetowy: <a href=\"mailto:esperanto.gda@gmail.com\">esperanto.gda@gmail.com<\/a><\/p>\n<p><strong>Spotkania:<\/strong><\/p>\n<p>w czwartki w godz. 16:30 \u2013 18:00,\u00a0 w siedzibie<\/p>\n<p><strong>Uwagi:<\/strong><\/p>\n<p><strong>Oddzia\u0142 Wojew\u00f3dzki posiada kluby<\/strong>:<\/p>\n<p>Polski Zwi\u0105zek Esperantyst\u00f3w, Ko\u0142o\u00a0 &#8222;Starto&#8221; w\u00a0 Starogardzie Gda\u0144skim<\/p>\n<p><strong>Siedziba:<\/strong><\/p>\n<p>Jana Paw\u0142a II n-ro 3 (przy Starogardzkim Centrum Kultury)<\/p>\n<p>83-200 Starogard Gda\u0144ski<\/p>\n<p><strong>Kontakty:<\/strong><\/p>\n<p>Zbigniew Tylkowski &#8211; telefon: +48 506 899 859,<\/p>\n<p>adres internetowy: <a href=\"mailto:zbigniew.tylko@gmail.com\">zbigniew.tylko@gmail.com<\/a><\/p>\n<p><strong>Spotkania:<\/strong><\/p>\n<p>zawsze w \u015brod\u0119 w ka\u017cdym parzystym tygodniu miesi\u0105ca o godz. 17:00<\/p>\n<p>Gda\u0144ska Esperancka Grupa Liturgiczna \u2013 GELG<\/p>\n<p><strong>Siedziba<\/strong><\/p>\n<p>Armii Krajowej 94 (przy klubie \u201eTorento\u201d)<\/p>\n<p><strong>Kontakty:<\/strong><\/p>\n<p>Ks. P\u0142atek Stanis\u0142aw, ul. Ks. Mariana G\u00f3reckiego 18, 80- 544 Gda\u0144sk<\/p>\n<p><strong>Uwagi: \u00a0<\/strong><\/p>\n<p>W ka\u017cdy pierwszy poniedzia\u0142ek miesi\u0105ca w ko\u015bciele pod wezwaniem\u00a0 Andrzeja Boboli\u00a0 w Sopocie, ul. Powsta\u0144c\u00f3w Warszawy 15, odbywa si\u0119 esperancka msza o godz.17:00. Po mszy uczestnicy spotykaj\u0105 si\u0119 w klubie \u201eTorento\u201d.<\/p>\n<p>&nbsp;<\/p>\n<p>&nbsp;<\/p>\n","protected":false},"excerpt":{"rendered":"<p>Oddzia\u0142 Wojew\u00f3dzki w Gda\u0144sku Siedziba: Grunwaldzka 5 (w lokalu Regionalnego\u00a0 Centrum Informacji i Wspomagania Organizacji<\/p>\n","protected":false},"author":8,"featured_media":0,"parent":1513,"menu_order":5,"comment_status":"closed","ping_status":"closed","template":"","meta":{"footnotes":""},"class_list":["post-234","page","type-page","status-publish","hentry"],"translation":{"provider":"WPGlobus","version":"3.0.1","language":"pl","enabled_languages":["eo","pl"],"languages":{"eo":{"title":true,"content":true,"excerpt":false},"pl":{"title":true,"content":true,"excerpt":false}}},"aioseo_notices":[],"_links":{"self":[{"href":"https:\/\/esperanto.pl\/pl\/wp-json\/wp\/v2\/pages\/234","targetHints":{"allow":["GET"]}}],"collection":[{"href":"https:\/\/esperanto.pl\/pl\/wp-json\/wp\/v2\/pages"}],"about":[{"href":"https:\/\/esperanto.pl\/pl\/wp-json\/wp\/v2\/types\/page"}],"author":[{"embeddable":true,"href":"https:\/\/esperanto.pl\/pl\/wp-json\/wp\/v2\/users\/8"}],"replies":[{"embeddable":true,"href":"https:\/\/esperanto.pl\/pl\/wp-json\/wp\/v2\/comments?post=234"}],"version-history":[{"count":2,"href":"https:\/\/esperanto.pl\/pl\/wp-json\/wp\/v2\/pages\/234\/revisions"}],"predecessor-version":[{"id":3711,"href":"https:\/\/esperanto.pl\/pl\/wp-json\/wp\/v2\/pages\/234\/revisions\/3711"}],"up":[{"embeddable":true,"href":"https:\/\/esperanto.pl\/pl\/wp-json\/wp\/v2\/pages\/1513"}],"wp:attachment":[{"href":"https:\/\/esperanto.pl\/pl\/wp-json\/wp\/v2\/media?parent=234"}],"curies":[{"name":"wp","href":"https:\/\/api.w.org\/{rel}","templated":true}]}}

Oddział Wojewódzki w Gdańsku

<h3>Oddział Wojewódzki w Gdańsku</h3>
<p><strong>Siedziba:</strong></p>
<p>Grunwaldzka 5 (w lokalu Regionalnego  Centrum Informacji i Wspomagania Organizacji Pozarządowych)</p>
<p>80-236 Gdańsk</p>
<p><strong>Strona intenetowa: </strong>nie istnieje</p>
<p><strong>Facebook: </strong>nie istnieje</p>
<p><strong>Kontakty:</strong></p>
<p>Mirosława Mazur &#8211; adres internetowy: <a href="mailto:esperanto.gda@gmail.com">esperanto.gda@gmail.com</a></p>
<p><strong>Spotkania:</strong></p>
<p>w czwartki w godz. 16:30 – 18:00,  w siedzibie</p>
<p><strong>Uwagi:</strong></p>
<p><strong>Oddział Wojewódzki posiada kluby</strong>:</p>
<p>Polski Związek Esperantystów, Koło  &#8222;Starto&#8221; w  Starogardzie Gdańskim</p>
<p><strong>Siedziba:</strong></p>
<p>Jana Pawła II n-ro 3 (przy Starogardzkim Centrum Kultury)</p>
<p>83-200 Starogard Gdański</p>
<p><strong>Kontakty:</strong></p>
<p>Zbigniew Tylkowski &#8211; telefon: +48 506 899 859,</p>
<p>adres internetowy: <a href="mailto:zbigniew.tylko@gmail.com">zbigniew.tylko@gmail.com</a></p>
<p><strong>Spotkania:</strong></p>
<p>zawsze w środę w każdym parzystym tygodniu miesiąca o godz. 17:00</p>
<p>Gdańska Esperancka Grupa Liturgiczna – GELG</p>
<p><strong>Siedziba</strong></p>
<p>Armii Krajowej 94 (przy klubie „Torento”)</p>
<p><strong>Kontakty:</strong></p>
<p>Ks. Płatek Stanisław, ul. Ks. Mariana Góreckiego 18, 80- 544 Gdańsk</p>
<p><strong>Uwagi:  </strong></p>
<p>W każdy pierwszy poniedziałek miesiąca w kościele pod wezwaniem  Andrzeja Boboli  w Sopocie, ul. Powstańców Warszawy 15, odbywa się esperancka msza o godz.17:00. Po mszy uczestnicy spotykają się w klubie „Torento”.</p>
<p>&nbsp;</p>
<p>&nbsp;</p>

<p>Oddział Wojewódzki w Gdańsku Siedziba: Grunwaldzka 5 (w lokalu Regionalnego  Centrum Informacji i Wspomagania Organizacji</p>
